{"id":2533,"date":"2026-07-02T15:05:16","date_gmt":"2026-07-02T15:05:16","guid":{"rendered":"https:\/\/promedikal.com.ar\/?post_type=product&#038;p=2533"},"modified":"2026-08-11T15:40:46","modified_gmt":"2026-08-11T15:40:46","slug":"carro-de-paro-62512b","status":"publish","type":"product","link":"https:\/\/promedikal.com.ar\/es_es\/producto\/carro-de-paro-62512b\/","title":{"rendered":"Carro de paro 62512B"},"content":{"rendered":"<p>Carros de Paro y Emergencias CARE III, Modelo ET-62512B, Manufacturados con materiales seleccionados v\u00edrgenes (no recuperados), Delicados, Robustos, Duraderos de excelente calidad, producto terminado final que sobresale y destaca en los de su tipo, cualidades \u00fanicas de est\u00e9tica y robustez, estructura met\u00e1lica de Acero revestida \u00edntegramente en Pl\u00e1stico de Alto Impacto, Plano Superior de alta resistencia con terminaci\u00f3n ribeteada y baranda perimetral\u00a0 en ABS, Estante Lateral Deslizable, Estante Porta Monitor-Desfibrilador, Soporte de IV, venoclisis para suero y sangre, Cesto de Residuos, Pr\u00e1cticos porta objetos en ambos laterales,\u00a0 Descartador de aguja\/cortopunzantes, Soporte tubo de O2, tabla de RCP, Cuatro ruedas Silenciosamente Perfectas (dos con freno), Cerradura centralizada. 5 C\u00f3modos y Espaciosos Cajones: 2 Peque\u00f1os (430 x 380 x 60 mm), 2 Medianos (430 x 380 x 100) y 1 Grande (430 x 380 x 225 mm), con divisiones, convertibles y configurables a necesidad, con etiqueta frontal. Dimensiones 625 x 475 x 920 mm. En delicados y finos Colores, Celeste y Blanco<\/p>\n<p><em>\u00a0<\/em><\/p>","protected":false},"excerpt":{"rendered":"<p>Carros de Paro y Emergencias CARE III, Modelo ET-62512B, Manufacturados con materiales seleccionados v\u00edrgenes (no recuperados), Delicados, Robustos, Duraderos de excelente calidad, producto terminado final que sobresale y destaca en los de su tipo, cualidades \u00fanicas de est\u00e9tica y robustez, estructura met\u00e1lica de Acero revestida \u00edntegramente en Pl\u00e1stico de Alto Impacto, Plano Superior de alta [&hellip;]<\/p>\n","protected":false},"featured_media":2535,"template":"","meta":[],"product_brand":[],"product_cat":[24],"product_tag":[],"class_list":["post-2533","product","type-product","status-publish","has-post-thumbnail","product_cat-equipamiento","first","instock","taxable","shipping-taxable","purchasable","product-type-simple"],"_links":{"self":[{"href":"https:\/\/promedikal.com.ar\/es_es\/wp-json\/wp\/v2\/product\/2533","targetHints":{"allow":["GET"]}}],"collection":[{"href":"https:\/\/promedikal.com.ar\/es_es\/wp-json\/wp\/v2\/product"}],"about":[{"href":"https:\/\/promedikal.com.ar\/es_es\/wp-json\/wp\/v2\/types\/product"}],"version-history":[{"count":1,"href":"https:\/\/promedikal.com.ar\/es_es\/wp-json\/wp\/v2\/product\/2533\/revisions"}],"predecessor-version":[{"id":2722,"href":"https:\/\/promedikal.com.ar\/es_es\/wp-json\/wp\/v2\/product\/2533\/revisions\/2722"}],"wp:featuredmedia":[{"embeddable":true,"href":"https:\/\/promedikal.com.ar\/es_es\/wp-json\/wp\/v2\/media\/2535"}],"wp:attachment":[{"href":"https:\/\/promedikal.com.ar\/es_es\/wp-json\/wp\/v2\/media?parent=2533"}],"wp:term":[{"taxonomy":"product_brand","embeddable":true,"href":"https:\/\/promedikal.com.ar\/es_es\/wp-json\/wp\/v2\/product_brand?post=2533"},{"taxonomy":"product_cat","embeddable":true,"href":"https:\/\/promedikal.com.ar\/es_es\/wp-json\/wp\/v2\/product_cat?post=2533"},{"taxonomy":"product_tag","embeddable":true,"href":"https:\/\/promedikal.com.ar\/es_es\/wp-json\/wp\/v2\/product_tag?post=2533"}],"curies":[{"name":"wp","href":"https:\/\/api.w.org\/{rel}","templated":true}]}}

<p>Carros de Paro y Emergencias CARE III, Modelo ET-62512B, Manufacturados con materiales seleccionados vírgenes (no recuperados), Delicados, Robustos, Duraderos de excelente calidad, producto terminado final que sobresale y destaca en los de su tipo, cualidades únicas de estética y robustez, estructura metálica de Acero revestida íntegramente en Plástico de Alto Impacto, Plano Superior de alta resistencia con terminación ribeteada y baranda perimetral  en ABS, Estante Lateral Deslizable, Estante Porta Monitor-Desfibrilador, Soporte de IV, venoclisis para suero y sangre, Cesto de Residuos, Prácticos porta objetos en ambos laterales,  Descartador de aguja/cortopunzantes, Soporte tubo de O2, tabla de RCP, Cuatro ruedas Silenciosamente Perfectas (dos con freno), Cerradura centralizada. 5 Cómodos y Espaciosos Cajones: 2 Pequeños (430 x 380 x 60 mm), 2 Medianos (430 x 380 x 100) y 1 Grande (430 x 380 x 225 mm), con divisiones, convertibles y configurables a necesidad, con etiqueta frontal. Dimensiones 625 x 475 x 920 mm. En delicados y finos Colores, Celeste y Blanco</p>
<p><em> </em></p>

<p>Carros de Paro y Emergencias CARE III, Modelo ET-62512B, Manufacturados con materiales seleccionados vírgenes (no recuperados), Delicados, Robustos, Duraderos de excelente calidad, producto terminado final que sobresale y destaca en los de su tipo, cualidades únicas de estética y robustez, estructura metálica de Acero revestida íntegramente en Plástico de Alto Impacto, Plano Superior de alta [&hellip;]</p>
